undreds digit of k?
1
Let d = -10081 - -14830. What is the thousands digit of d?
4
Let l(s) = -s**2 + s + 4. Let q be l(3). Let o be (8/q)/(2/1). What is the units digit of (12 + -11)*(-2)/o?
1
Suppose 0 = -3*v + 4*b + 750, -4*v + 5*b + 1010 = 3*b. What is the tens digit of v?
5
Suppose -2*n = -3*r + 6, -2*n + 4*r - 19 = -3*n. What is the units digit of 3 - n - (-3 - 10)?
3
Let x be (6/9)/(-1)*(-99)/6. Suppose 20 = 12*m - x*m. What is the tens digit of m?
2
Let c(q) = -61*q**3 - 6*q**2 - 2*q + 25. What is the units digit of c(-4)?
1
Suppose 0 = 5*y - 4*v - 18, 2*y + y - 27 = -3*v. Suppose 0 = 2*h - y. Suppose -3*a = 3, 65 = g + h*a - 7*a. What is the units digit of g?
1
Suppose 5*u = -u + 24. What is the tens digit of 74/8 + 3/u?
1
Let b(q) = -q**3 + 7*q**2 + 15*q + 27. Let r be b(9). Suppose 2*f - 188 - 234 = r. What is the hundreds digit of f?
2
Suppose 67*r = 75*r - 2376. Let t = -8 + 13. Suppose t*k - 68 = r. What is the tens digit of k?
7
Let g(l) = 12*l**2 + 10 - 12*l - 3 - 13*l**2. Let x = -20 + 11. What is the units digit of g(x)?
4
Let v be ((-2)/(-3))/((-1)/(-21)). Let c be (0 + 1)/(10/30). Suppose -c*u + 58 = -v. What is the tens digit of u?
2
Let f(v) = v**3 + 3*v - v**2 - 9*v**2 - 73 + 72. What is the units digit of f(10)?
9
Let n = 5408 - 3230. What is the hundreds digit of n?
1
Let g = 171 + 102. Suppose -n - 4*n = -3*t + g, -5*t = -3*n - 455. What is the tens digit of t?
9
Suppose -2*b = 3*o - 2588, 1000 - 119 = o - 3*b. What is the tens digit of o?
6
Let i(n) = -31*n**2 + 2*n. Let v(k) = -31*k**2 + 3*k. Let o(j) = -4*i(j) + 3*v(j). Let m be o(-1). Suppose d = -d + m. What is the tens digit of d?
1
Let d(f) = f**2 - 5*f + 3. Let o be d(5). Let a be 1 + o + (1 - 0). Suppose 185 = 5*c + a*q, 2*c + 4*q = c + 37. What is the tens digit of c?
3
Suppose 0 = 2*a + 8, 2*c + 4*a - 2 = 2*a. Suppose 2*i - 71 - c = 0. What is the units digit of i?
8
Let q(k) = 2*k**2 + 14*k - 4. Let b be q(-8). Suppose b*s - 926 = 754. What is the hundreds digit of s?
1
Suppose -2*s - 3*o + 194 = 0, -2*s + 3*o = 5*o - 194. What is the units digit of s?
7
Let l = 0 + -4. Let z = 4 + l. Suppose z*t + 5*k + 30 = t, 3*t = 5*k + 60. What is the units digit of t?
5
Let m = 2466 + -2320. What is the hundreds digit of m?
1
Let g = -85 - -88. Suppose 123 = n - i - i, -g*n = 4*i - 339. What is the tens digit of n?
1
Let w be (-4)/8*1*2*-3. Suppose -w*g + 202 = -2*g. What is the hundreds digit of g?
2
Let q = -20 - -23. Suppose -8 = -q*p - 5*d, -4*p = 4*d - 11 + 3. Suppose 5*l + 6 = p, x - 2*l = 6. What is the units digit of x?
4
Suppose 10*b - 2442 = -332. Suppose 5*m + 197 - 637 = -5*u, 5*u = 2*m - b. What is the tens digit of m?
9
Let t = 1358 + -266. What is the thousands digit of t?
1
Suppose -3*r + 1325 + 562 = 0. What is the hundreds digit of r?
6
Let l(h) = -h**2 + 11. Let k be l(0). Suppose 0 = 15*f - k*f - 384. What is the tens digit of f?
9
Suppose 3*y + 21 = 5*l, -16 = 3*l - 5*l + 5*y. Suppose -l*o + 84 = -36. What is the units digit of o?
0
Let p be 10/45 + (-22)/18 + 38. Let c = 131 - p. What is the tens digit of c?
9
Suppose -2*x - 5*h + 8 = 0, -h + 4 = x - 5*h. Suppose 879 = 5*t - 3*v, -x*t + 5*v = t - 885. What is the units digit of t?
4
Let y = -646 + 922. What is the units digit of y?
6
Suppose 2*c + 876 = -2*z, -1310 = 3*z + 4*c - 2*c. What is the units digit of (-84)/63 + z/(-6)?
1
Suppose 3*p = 4*r - 5017, -r + 3*p = -484 - 759. What is the units digit of r?
8
Let w be 1*(6/3 - 0). Suppose z - 25 = -o - 2*z, -5*z - 17 = -w*o. What is the tens digit of o?
1
Suppose 5*r - 6 = -2*y, -3*r = 7 - 19. What is the tens digit of y/56*0 + 3*49?
4
Let g be (3*20)/((-13)/(-52)). Suppose 8*w = 2*w + g. What is the units digit of w?
0
Let u(c) = 5*c**2 - 11*c - 8. Let t be u(8). Suppose -244 = -2*g - 4*z, -2*g - 2*z + t = -3*z. What is the hundreds digit of g?
1
Suppose -5*j + 47 = 2*t, 4*t - 2*j - 24 = 2*j. Let b = t + -8. Suppose b*q - q - 32 = 4*i, -5*q + 56 = -4*i. What is the units digit of q?
8
Let t be (6/(-9))/(2/(-15)). Suppose -7*u - t = -2*u. What is the tens digit of (u + -113)*(-4)/8?
5
Let f = 12 + -10. Suppose -f*a - 13 = -7. What is the units digit of 6*(1 + -3 - a)?
6
Let r(a) = 4*a - 8. Let h be r(5). Let d(m) = m**2 + 11*m + 13. Let n be d(-10). What is the tens digit of 2*n/h*86?
4
Suppose 0*z + 3*z + 5*m - 8 = 0, 0 = -2*m - 4. What is the units digit of ((-18)/8)/(z/(-208))?
8
Let c(p) = p**3 + 17*p**2 + 3*p - 1. What is the tens digit of c(-4)?
9
Suppose -5142 + 655 = -7*b. What is the tens digit of b?
4
Let l(u) = u**2 + 14*u + 3. Let b be l(-4). What is the units digit of (-1 - b/(-2))/(3/(-18))?
7
Let o = 1274 + -579. What is the tens digit of o?
9
Let o(d) = d + 26. Let x = -9 - -9. What is the tens digit of o(x)?
2
Suppose -5*r = 4*g - 383, -g + 4*g - 288 = -4*r. What is the units digit of g?
2
Let p(o) = -124*o. Let b = -5 - -7. Let s be p(b). What is the tens digit of s/(-7) + 15/(-35)?
3
Suppose 0 = -2*v - 4*u + 240, -32 + 7 = -5*u. Suppose 0 = 4*t - 150 - v. What is the units digit of t?
5
Let q = 397 - 227. Let f = -26 + q. What is the hundreds digit of f?
1
Let z(i) = 4*i + 63. What is the units digit of z(-12)?
5
Let y(p) be the third derivative of p**5/60 - 3*p**3/2 + 5*p**2. What is the units digit of y(-6)?
7
Suppose 2364 = 19*w - 2538. What is the units digit of w?
8
Let x = -35 - -51. Suppose -6*b + x = -2*b. Suppose 3*v = b*v - 34. What is the units digit of v?
4
Let z = -1069 + 1127. What is the tens digit of z?
5
Let u = -20 + 106. Suppose 5*z - 329 = u. What is the units digit of z?
3
Let d(u) = 97*u + 5. What is the hundreds digit of d(8)?
7
Let n = -26 + 49. Let f = n - -110. What is the hundreds digit of f?
1
Let b(y) = y**2 - 9*y + 8. Let c be b(8). Suppose -k + 6*k - 20 = c. What is the tens digit of (4/(-6))/(k/(-192))?
3
Let a be (-2)/(-1)*(-78)/(-12). What is the tens digit of (a/(182/204))/((-2)/(-14))?
0
Suppose -279 = -4*n + 3*z, -2*n = 2*z + 36 - 172. Suppose 0 = 4*i + 23 + 137. Let a = i + n. What is the tens digit of a?
2
Let g = 768 + -225. What is the units digit of g?
3
Let d(h) be the first derivative of h**7/840 + h**6/45 + h**5/15 - h**4/8 + h**3 + 4. Let k(f) be the third derivative of d(f). What is the tens digit of k(-6)?
2
Let t = 570 - -278. What is the units digit of t?
8
Let a(h) = h**2 - 8*h - 2. Suppose 15 = 4*y - y + 3*z, 2*y = 5*z + 45. Let u be a(y). Suppose u = -7*m + 10*m. What is the units digit of m?
6
Suppose 0 = 6*a - 2*a - 5*t - 108, 4*a - 80 = -2*t. Suppose a = 6*q - 2. Suppose -4*k + 4*p + 0*p + 40 = 0, q*k - 43 = p. What is the tens digit of k?
1
Suppose 0 = -o + 3*b - 4*b - 326, 3*b + 1626 = -5*o. Let c = 570 + o. What is the hundreds digit of c?
2
Let i = 1 + -1. Suppose x = -5, -8*x - 85 = -5*z - 10*x. Suppose 0 = -i*g + g - z. What is the tens digit of g?
1
What is the tens digit of ((-2)/(-5))/((-159756)/(-31950) - 5)?
3
Let i = -12 - -12. Let g(q) = 4*q**2 + 3*q - 6. Let d(n) = -n**2 - n + 1. Let h(c) = -5*d(c) - g(c). What is the units digit of h(i)?
1
Let r = -7 + 0. Let o(l) = -l**3 - 8*l**2 - 8*l + 3. What is the units digit of o(r)?
0
What is the hundreds digit of (44/6)/((-74)/(-19203))?
9
Suppose -3*l = 2*a - 4558, 567 + 948 = l + 5*a. What is the units digit of l?
0
Let b be 1/6 - 998/12. Let c = b - -146. What is the units digit of c?
3
Suppose 12*f = 11*f - 3. Let o be 9/(3 + 1 + f). Suppose -10*y = -7*y - o. What is the units digit of y?
3
Suppose -1404 + 9330 = 6*q. What is the tens digit of q?
2
Let x = -61 + 210. Let t = -83 + x. What is the units digit of t?
6
Let r(t) = t + 18. Let k be r(6). Let a = k + -24. Suppose a = l + 1 - 29. What is the tens digit of l?
2
Suppose 0*q = 3*q. Let g be -3 - -1 - (q + -2). What is the units digit of (-24 - g)*8/(-6)?
2
Let v = 145 - -765. What is the tens digit of v?
1
Let d = 2 + 1. What is the tens digit of -71*d/(-6)*2?
7
Let a = 316 + 137. What is the units digit of a?
3
Let h = -202 - -428. What is the tens digit of h?
2
Suppose -f + z - 15 + 175 = 0, 2*f + 5*z - 348 = 0. What is the tens digit of f?
6
Suppose -3*f = 57 - 51. Let h(j) = -27*j + 2. What is the tens digit of h(f)?
5
Suppose 0 = 7*o - 3*o - r - 160, -3*o - 3*r = -135. Let u = -37 + o. What is the units digit of u?
4
Let i be -6 - (-3 + -1) - -